1)/v - (-603)/27?
2
Let o(l) be the first derivative of 2*l**2 + 16*l + 10. What is the tens digit of o(7)?
4
Let p be (-14)/(-21) + (-2)/3. Suppose 5*h = -3*i - 277, -1 + p = -i. Let f = -30 - h. What is the tens digit of f?
2
Let v(q) = q**2 - 11*q + 10*q - 6*q + 7. Let t be v(6). What is the units digit of ((-730)/20)/(t/(-2))?
3
Let a = -1707 + 2994. What is the tens digit of a?
8
Suppose -2*t + 10 = x + 1, 2*x - 3 = t. Suppose -t = -z + 30. What is the tens digit of z?
3
Suppose 0 = -34*h + 113*h - 70705. What is the units digit of h?
5
Let x(g) = 3*g**3 - 5*g**2 - 3*g + 22. What is the units digit of x(6)?
2
Let o(s) = s**3 + 6*s**2 - 12. Let y be o(-5). Let i be 102/(-9) - (-6)/(-9). Let q = y + i. What is the units digit of q?
1
Let q(d) = 75*d**2 - 19*d - 69. What is the thousands digit of q(-5)?
1
Suppose 2*j + j - 405 = 0. Let n(b) = -2*b**3 - b**2 + b. Let q be n(-3). Suppose -3*y + j = 5*w, -4*y + 66 = 4*w - q. What is the units digit of w?
7
Suppose 2*m + 24 = 5*m. Suppose 0 = -4*p - m*p + 2292. What is the tens digit of p?
9
Suppose t + 16 = 4*s, -s = -0*t - 4*t - 19. What is the hundreds digit of 336/3 + -4 + s?
1
Suppose -3*q - 1 = -13. Suppose h + h - 2*w - 14 = 0, 4*h + 3*w = 0. What is the units digit of q - (-42)/h - 1?
7
Let t be 4 + (-9)/(36/16) + 3. Suppose 0*x + 3*x = -w + 95, -w - 103 = -t*x. What is the tens digit of x?
3
Let s(t) = t**3 - 21*t**2 + 22*t - 23. Let u = 87 - 67. What is the tens digit of s(u)?
1
Let h = -2653 - -5284. What is the thousands digit of h?
2
Suppose 7*l - 4 = -11. Let i(y) = -31*y**3 - y**2 + y + 1. What is the units digit of i(l)?
0
Let u = 10 - 6. Suppose -4*t - 4*j + u = -0*j, 4*j = -2*t. What is the tens digit of -1 + 0 + t + 12?
1
Let v = 681 - 242. What is the tens digit of v?
3
Let v(s) = -1 + 0 - 76*s - 2. What is the units digit of v(-1)?
3
Let d(i) = i**3 - 39*i**2 + 19*i + 26. What is the units digit of d(39)?
7
Suppose -m = 2 + 2. What is the tens digit of (15 - m)*(1 + 0)?
1
Let f(i) be the second derivative of -11*i**3/2 - 19*i**2/2 - 7*i. What is the hundreds digit of f(-4)?
1
Suppose 5*u + 3*q = 4887, 3*u - 2*q = 6*u - 2933. Suppose 8*p - 3*p = 0, -5*g = 3*p - u. What is the hundreds digit of g?
1
Let h = -66 + 212. Let z = -50 + h. What is the units digit of z?
6
Let d = -18 + 22. What is the tens digit of 916/10 - (d/(-10) + 0)?
9
Suppose -4*b = -5*r - 0*b + 290, 4*b = r - 58. Let i = -40 + r. What is the tens digit of i?
1
Let i be 2*(2 + 2 - 2). Let r be 14 - 1 - (-1 + i). Suppose r = l - 3. What is the units digit of l?
3
Suppose 0 = -9*m + 13*m + 20, 5*m = 3*y - 418. What is the hundreds digit of y?
1
Let t = -125 + 211. Suppose t = -2*v + 4*v. What is the units digit of v?
3
Suppose 4*d + 30 - 38 = 0. Suppose -3*j - 3*v + 126 = 0, -3*j = d*j - 4*v - 228. What is the units digit of j?
4
Let k be -2 - ((3 - 9) + 0). Suppose 2*i - i - k = 0. Suppose i*h + 8 = 6*h. What is the units digit of h?
4
Suppose -18*s = 9*s - 13500. What is the tens digit of s?
0
Let d = -5 - -401. What is the hundreds digit of d?
3
Let f = 9 - 4. Let y(i) = 9*i + 11. What is the tens digit of y(f)?
5
Suppose 0 = -2*r - 5 + 11. Suppose -r*l = l - 260. What is the tens digit of l?
6
What is the hundreds digit of -62*1*(324/8)/(-3)?
8
Let k be -3*4/(-6) - -7. Suppose 3*v + k = 6*v. What is the units digit of (-5)/(-15) + 122/v?
1
Suppose 3*s - 78 = -3*m, 3*m - s - 80 = -2*s. Suppose -4*k = -3*k - 3*g - 1, 3*k - g - m = 0. What is the units digit of k?
0
Suppose 5*w + 25 = 0, 2*d - w - 1 + 0 = 0. Let x(a) = 12*a + 2. Let g be x(d). Let s = -11 - g. What is the units digit of s?
1
Suppose -22 - 58 = 5*y. Let l = -11 - y. Suppose 8*h = 3*h + l*c + 105, -h - 2*c = -33. What is the units digit of h?
5
Let k(f) = -f**3 + 19*f**2 - 10*f + 45. Let g be k(18). Suppose -4*y = 5*y - g. What is the units digit of y?
1
What is the units digit of 572/(-6 + 10) + 0?
3
Let r = 429 - 299. Let y = r - 32. What is the units digit of y?
8
Suppose -4*g - 2*n = -7*n - 433, 423 = 4*g - 3*n. What is the units digit of 36/60 - g/(-5)?
1
Let b(a) = a**3 - a**2 - a + 281. What is the tens digit of b(0)?
8
Let l(s) = -s**2 + 13*s + 9. Let w be l(14). Let y = 91 + w. What is the units digit of y?
6
Suppose 5*k - 3*k = 4*d - 4, -d - 4*k + 19 = 0. Suppose -d*m = -98 - 22. What is the units digit of m?
0
Let m be (-3)/18 - 177/18. Let n = m - -11. What is the units digit of (-16)/6*-6*n?
6
Suppose -p - 9900 = -10*p. What is the units digit of p?
0
Let n(w) = -w**2 + 11*w - 2. Let k be n(12). What is the tens digit of (-2)/(-7) + (-2572)/k + 1?
8
Let w be (-124)/20 - (-1)/5. Let f = -6 - w. Suppose f = -2*s + 4*s - 88. What is the tens digit of s?
4
Let k(c) = c**3 - 12*c**2 - 20*c - 70. What is the thousands digit of k(19)?
2
Let a = 426 + 401. What is the units digit of a?
7
Let w = -1 - -1. What is the tens digit of -3 + 7 - w - -44?
4
Suppose -h + a + 139 = 4*h, 16 = -4*a. Suppose s = h + 70. What is the tens digit of s?
9
Let l(i) = -158*i + 90. What is the units digit of l(-4)?
2
Let n(o) = -3*o**2 + 35*o + 38*o + 2*o**3 - 68*o - 24. What is the units digit of n(5)?
6
Suppose 3*y + 590 = -4*u + 5183, -3*y = -u + 1137. What is the tens digit of u?
4
Let b = -13 - -13. Let q(d) = 4 - d**2 + 27*d - 15*d + b*d**2. What is the tens digit of q(10)?
2
Suppose -3*k = -2*k + 23. Let x = k - -49. What is the tens digit of x + (0/4)/(-3)?
2
Let j(t) = 4*t - 15. Let a be j(2). Let x(u) = -u**3 - 2*u**2 + 3*u + 12. What is the units digit of x(a)?
6
Suppose 11*b = 16*b - 18995. What is the tens digit of b?
9
Let t be (-2)/(-27)*6 + 364/(-252). Let y(p) be the second derivative of 19*p**4/3 - p**3/3 - p**2/2 - 2*p. What is the units digit of y(t)?
7
Let x be (-3 - (-15)/6)*-4. Suppose 3*v - 25 = x*v. Suppose -a - m + v = -0*m, -19 = -a + 2*m. What is the units digit of a?
3
Let o(y) = y**3 - 6*y**2 + 2*y + 19. Let b be o(5). Suppose 0*d + 5*r = d - 166, b*r = 4*d - 744. What is the units digit of d?
1
Let g(d) = -d + 7. Let m be g(5). Let s(p) = -20*p**2 + 3*p + 6*p + 26*p**m + 6 - 4*p - p**3. What is the tens digit of s(5)?
5
Let d = -11 - -20. Let b(w) = -w + 7 + 0 - 2*w + w**2 - 5*w. What is the units digit of b(d)?
6
Let o(f) = f**3 + 2*f**2 - 3*f - 6. What is the thousands digit of o(10)?
1
Let q(t) = t**3 - 2*t**2 + 1. Let s be q(2). Suppose -f + s = -25. What is the tens digit of f?
2
Let d(k) = 7*k + 8. Let t be d(-3). Let s = t - -24. What is the units digit of s?
1
Suppose 0 = 5*u, 696 = -3*l + 6*l - u. Suppose 2*o = -4, -o + l = 4*z + o. What is the units digit of z?
9
Suppose -16 = f - 195. Let u = -85 + f. What is the tens digit of u?
9
Let v(r) = 5*r**2 + 2*r - 7. Let d be v(-6). Let b = 228 - d. What is the units digit of b?
7
Let m(l) = 2*l + 2. Let g be m(0). Suppose 4*i - 4 = g*i. Suppose 54 = i*x - 4. What is the tens digit of x?
2
Let h(s) = -7*s**3 - 6*s**2 - 7*s - 26. Let p(u) = 6*u**3 + 6*u**2 + 7*u + 25. Let r(d) = -4*h(d) - 5*p(d). What is the hundreds digit of r(-6)?
2
Let f = -407 - -1515. What is the units digit of f?
8
What is the units digit of (2*4/24)/(17/24837)?
7
Suppose -5*s + 2*s = -240. What is the units digit of (s/14 - 4)/(6/189)?
4
Suppose 5*d - 10 = 0, 0*d + 5498 = 4*o - d. What is the thousands digit of o?
1
Let c(z) = 6*z**2 + z - 5. Let n be c(-4). Suppose -177 - n = -2*l. What is the units digit of l?
2
Suppose x = 2*x - 5. Let w = 11 - x. Suppose a - 21 = -3*g, -a = -w*a - 3*g + 93. What is the tens digit of a?
1
Suppose 7*l - 1890 = -3*l. What is the tens digit of l?
8
Let v(w) = 18*w**2 + 9*w - 13. Let s be v(-8). Suppose -5*l - 402 + s = 0. What is the tens digit of l?
3
Suppose 2*b - 10 = 20. Suppose 0 = -3*u - 0*u - b. Let n(d) = -d**2 - 5*d + 7. What is the units digit of n(u)?
7
Suppose 2*g = 6*g + 8. What is the units digit of g/9 - (-9101)/171?
3
What is the thousands digit of (-30)/(-90) + (-16331)/(-3) + -1?
5
Suppose -5 = 5*a - 20. Suppose a*s = -4*p + s + 462, -3*p + 345 = 2*s. Let n = p + -60. What is the units digit of n?
7
Let a(m) = -m**3 + 7*m**2 - 6*m - 3. Let l be a(5). What is the tens digit of (l/4 - 3)*56 + 3?
7
Let k(f) = 25*f**2 + 181*f - 23. What is the tens digit of k(-8)?
2
Let c(a) = -4*a**3 + 2*a**2 + 2*a. Let r be c(-4). Suppose 13*j = 18*j - r. What is the 